inder when 120047 is divided by 115?
102
What is the remainder when 19616 is divided by 31?
24
What is the remainder when 8760 is divided by 43?
31
What is the remainder when 3956 is divided by 393?
26
Calculate the remainder when 7187 is divided by 232.
227
Calculate the remainder when 2612 is divided by 780.
272
What is the remainder when 2140442 is divided by 201?
194
Calculate the remainder when 44225 is divided by 702.
701
What is the remainder when 124869 is divided by 473?
470
What is the remainder when 432387 is divided by 31?
30
What is the remainder when 173766 is divided by 269?
261
Calculate the remainder when 4081 is divided by 11.
0
Calculate the remainder when 1349 is divided by 382.
203
What is the remainder when 6188 is divided by 252?
140
Calculate the remainder when 4739 is divided by 1156.
115
Calculate the remainder when 5064 is divided by 48.
24
What is the remainder when 97526 is divided by 45?
11
What is the remainder when 2738 is divided by 23?
1
Calculate the remainder when 7893 is divided by 7563.
330
Calculate the remainder when 1476 is divided by 682.
112
What is the remainder when 14954 is divided by 144?
122
What is the remainder when 97855 is divided by 1997?
2
Calculate the remainder when 42668 is divided by 75.
68
What is the remainder when 129569 is divided by 2?
1
Calculate the remainder when 1510179 is divided by 41949.
15
What is the remainder when 731840 is divided by 3?
2
What is the remainder when 20447 is divided by 140?
7
What is the remainder when 213086 is divided by 804?
26
What is the remainder when 40823 is divided by 21?
20
What is the remainder when 1489 is divided by 966?
523
What is the remainder when 4647 is divided by 463?
17
What is the remainder when 3611 is divided by 146?
107
What is the remainder when 24792 is divided by 1810?
1262
What is the remainder when 51830 is divided by 114?
74
What is the remainder when 37256 is divided by 270?
266
What is the remainder when 138441 is divided by 1385?
1326
What is the remainder when 3308 is divided by 1406?
496
Calculate the remainder when 2095 is divided by 448.
303
What is the remainder when 4260 is divided by 70?
60
Calculate the remainder when 176944 is divided by 44212.
96
Calculate the remainder when 14152 is divided by 103.
41
Calculate the remainder when 46250 is divided by 3555.
35
What is the remainder when 54931 is divided by 48?
19
What is the remainder when 7649 is divided by 1478?
259
What is the remainder when 128939 is divided by 816?
11
Calculate the remainder when 3593 is divided by 1760.
73
Calculate the remainder when 1188 is divided by 117.
18
What is the remainder when 889 is divided by 407?
75
Calculate the remainder when 26865 is divided by 672.
657
What is the remainder when 2223 is divided by 523?
131
Calculate the remainder when 709482 is divided by 187.
4
What is the remainder when 3121 is divided by 277?
74
What is the remainder when 26369 is divided by 33?
2
Calculate the remainder when 9233 is divided by 29.
11
Calculate the remainder when 75949 is divided by 50.
49
Calculate the remainder when 38214 is divided by 394.
390
What is the remainder when 904 is divided by 350?
204
Calculate the remainder when 2175 is divided by 34.
33
What is the remainder when 4845 is divided by 1556?
177
Calculate the remainder when 59 is divided by 49.
10
What is the remainder when 29480 is divided by 23?
17
What is the remainder when 1375 is divided by 308?
143
What is the remainder when 487613 is divided by 39?
35
Calculate the remainder when 49518 is divided by 45.
18
Calculate the remainder when 4529135 is divided by 6.
5
What is the remainder when 211164 is divided by 105572?
20
What is the remainder when 616 is divided by 538?
78
What is the remainder when 821993 is divided by 400?
393
What is the remainder when 11033 is divided by 1959?
1238
What is the remainder when 16072 is divided by 2677?
10
What is the remainder when 7140 is divided by 123?
6
What is the remainder when 2760 is divided by 5?
0
Calculate the remainder when 947 is divided by 8.
3
Calculate the remainder when 158736 is divided by 11336.
32
What is the remainder when 191 is divided by 26?
9
Calculate the remainder when 3215 is divided by 569.
370
Calculate the remainder when 3121 is divided by 686.
377
What is the remainder when 21 is divided by 19?
2
What is the remainder when 98452 is divided by 35?
32
Calculate the remainder when 274 is divided by 53.
9
What is the remainder when 13820 is divided by 188?
96
Calculate the remainder when 16040779 is divided by 35.
34
Calculate the remainder when 570748 is divided by 15.
13
What is the remainder when 5039 is divided by 72?
71
What is the remainder when 935 is divided by 396?
143
Calculate the remainder when 42087 is divided by 121.
100
What is the remainder when 6780 is divided by 86?
72
Calculate the remainder when 4953 is divided by 639.
480
Calculate the remainder when 91756 is divided by 38.
24
What is the remainder when 22428 is divided by 1117?
88
Calculate the remainder when 3864 is divided by 47.
10
Calculate the remainder when 15422 is divided by 239.
126
What is the remainder when 80571 is divided by 31?
2
Calculate the remainder when 175373 is divided by 194.
191
Calculate the remainder when 8144 is divided by 154.
136
Calculate the remainder when 17845 is divided by 4.
1
Calculate the remainder when 21385 is divided by 10665.
55
Calculate the remainder when 332652 is divided by 8.
4
What is the remainder when 2181197 is divided by 287?
284
What is the remainder when 11851 is divided by 2180?
951
What is the remainder when 153774 is divided by 51222?
108
Calculate the remainder when 15755 is divided by 79.
34
What is the remainder when 1883800 is divided by 773?
772
Calculate the remainder when 57528 is divided by 711.
648
What is the remainder when 128299 is divided by 40?
19
Calculate the remainder when 192248 is divided by 18.
8
What is the remainder when 79448 is divided by 52?
44
What is the remainder when 2070 is divided by 229?
9
What is the remainder when 137905 is divided by 231?
229
What is the remainder when 1672 is divided by 391?
108
What is the remainder when 6233 is divided by 122?
11
What is the remainder when 31974 is divided by 56?
54
Calculate the remainder when 74 is divided by 58.
16
Calculate the remainder when 1979 is divided by 368.
139
Calculate the remainder when 1886 is divided by 316.
306
What is the remainder when 1456272 is divided by 722?
720
Calculate the remainder when 7748 is divided by 298.
0
Calculate the remainder when 3132 is divided by 99.
63
What is the remainder when 413 is divided by 206?
1
Calculate the remainder when 40363 is divided by 299.
297
What is the remainder when 318 is divided by 82?
72
Calculate the remainder when 14151 is divided by 14.
11
What is the remainder when 12454 is divided by 7?
1
Calculate the remainder when 23372 is divided by 8.
4
What is the remainder when 37925 is divided by 21?
20
What is the remainder when 10580 is divided by 312?
284
What is the remainder when 1864 is divided by 20?
4
Calculate the remainder when 402035 is divided by 22.
7
Calculate the remainder when 1399190 is divided by 8.
6
What is the remainder when 11248 is divided by 388?
384
What is the remainder when 1733 is divided by 175?
158
What is the remainder when 2333 is divided by 1817?
516
What is the remainder when 67466 is divided by 61?
0
Calculate the remainder when 2309 is divided by 141.
53
Calculate the remainder when 11339775 is divided by 16.
15
What is the remainder when 275272 is divided by 391?
8
What is the remainder when 630496 is divided by 56?
48
Calculate the remainder when 2176 is divided by 176.
64
Calculate the remainder when 6435 is divided by 1271.
80
What is the remainder when 514454 is divided by 63?
59
Calculate the remainder when 264058 is divided by 31.
0
What is the remainder when 3515 is divided by 210?
155
Calculate the remainder when 63095 is divided by 478.
477
Calculate the remainder when 3196 is divided by 13.
11
Calculate the remainder when 102927 is divided by 94.
91
Calculate the remainder when 113521 is divided by 576.
49
Calculate the remainder when 1145197 is divided by 280.
277
Calculate the remainder when 301